Let s(z) = -89*z + 129. Calculate s(5).
-316
Let i(r) = -3*r**2 - 21*r + 124. Determine i(4).
-8
Let x(a) = 188*a + 2931. Determine x(-13).
487
Let s(h) = 14*h**2 - 19*h - 23. Calculate s(4).
125
Let f(v) = -630*v - 20147. Give f(-32).
13
Let q(m) = m**2 - 25*m - 159. Calculate q(-5).
-9
Let b(n) = -3*n**3 - n**2 + 3*n - 2. Determine b(0).
-2
Let x(t) = -8*t**3 - 217*t**2 + 199*t + 78. Give x(-28).
-6
Let l(f) = -f**2 + 50. Calculate l(10).
-50
Let k(g) = -8*g**2 + 12*g + 151. Determine k(8).
-265
Let i(d) = 7*d**2 - 57*d + 87. Calculate i(6).
-3
Let o(q) = -15*q**2 + 23*q + 5. Calculate o(2).
-9
Let p(r) = -39*r + 240. Calculate p(6).
6
Let x(o) = -o**2 - 12*o + 14. Calculate x(-14).
-14
Let v(r) = -17*r**3 + r**2 + 4*r - 3. Calculate v(2).
-127
Let v(w) = -w**2 - 33*w - 56. Calculate v(-32).
-24
Let k(n) = 899*n + 3516. Give k(-4).
-80
Let k(u) = u**3 - 49*u**2 - 54*u + 204. What is k(50)?
4
Let g(f) = 833*f - 3330. Determine g(4).
2
Let a(z) = z**2 + 207*z - 8745. What is a(36)?
3
Let j(f) = -37*f - 2413. Determine j(-65).
-8
Let n(p) = -p**3 + 16*p**2 + 101*p - 15. Give n(-5).
5
Let i(g) = 2272*g + 20472. Determine i(-9).
24
Let u(w) = -113*w**2 - 11*w + 26. Give u(2).
-448
Let v(x) = x**3 + 36*x**2 + 3*x - 43. Calculate v(0).
-43
Let a(n) = 4*n**3 + 119*n**2 + 83*n - 118. What is a(-29)?
-2
Let u(j) = 4*j**2 - 50*j - 67. Calculate u(13).
-41
Let f(g) = 32*g**2 - 285*g + 83. What is f(9)?
110
Let w(c) = c**2 - 71*c - 28802. Calculate w(209).
40
Let h(f) = -f**2 + 50*f + 605. What is h(60)?
5
Let f(i) = i**3 - 10*i**2 - 2266*i + 553. Give f(-43).
-6
Let i(z) = -107*z - 406. Calculate i(-10).
664
Let s(a) = -a**3 + 34*a**2 - 30*a - 88. Calculate s(33).
11
Let t(u) = -46*u + 46. What is t(2)?
-46
Let g(b) = -47*b - 3338. Calculate g(-71).
-1
Let d(v) = 2*v**3 - 51*v**2 + 28*v - 86. What is d(25)?
-11
Let d(p) = -p**3 + p**2 - 250*p - 1381. What is d(-5)?
19
Let x(n) = -1046*n - 2097. What is x(-2)?
-5
Let h(x) = -137*x - 1088. Determine h(-8).
8
Let k(r) = 14*r**2 + 176*r + 172. Give k(-11).
-70
Let n(a) = -578*a + 1064. Determine n(2).
-92
Let i(k) = 981*k + 3921. Determine i(-4).
-3
Let x(z) = 9*z**2 - 378*z - 386. Calculate x(-1).
1
Let b(w) = 29*w + 194. What is b(-6)?
20
Let u(i) = i**3 - 3*i**2 - 43*i + 46. Determine u(8).
22
Let r(h) = -h**2 + 39*h - 57. What is r(37)?
17
Let p(q) = 1747*q - 344162. Determine p(197).
-3
Let u(h) = -h**3 + 38*h**2 + 4*h - 138. Calculate u(38).
14
Let u(y) = 3*y**3 - 23*y**2 - 87*y - 8. Determine u(-4).
-220
Let r(a) = 118*a - 1763. Calculate r(17).
243
Let r(c) = -2*c**3 - 25*c**2 + 8*c + 5. Determine r(-13).
70
Let n(i) = -1115*i - 18961. What is n(-17)?
-6
Let i(c) = 31*c - 226. Give i(7).
-9
Let u(s) = -4429*s - 5. Calculate u(0).
-5
Let c(w) = w**3 - 16*w**2 - 77*w + 5. What is c(-4)?
-7
Let s(h) = h**2 - 24504*h - 73525. Give s(-3).
-4
Let m(u) = -7*u**2 - 10*u + 10. What is m(-3)?
-23
Let m(y) = 27*y**2 - 23*y + 2. What is m(-3)?
314
Let p(k) = -k**2 - 47*k + 47. What is p(0)?
47
Let y(q) = 12*q**2 + 30*q + 454. Determine y(-10).
1354
Let k(m) = m**3 + 5*m**2 + 182*m + 717. Give k(-4).
5
Let l(z) = 705*z - 4864. Give l(7).
71
Let h(g) = 2*g**3 - 33*g**2 + 115*g + 25. What is h(11)?
-41
Let n(y) = y**3 + 10*y**2 + 73*y + 915. What is n(-11)?
-9
Let v(w) = -16*w**3 + 3*w**2 - 15*w + 24. Give v(2).
-122
Let s(m) = 1339*m + 18713. Determine s(-14).
-33
Let y(t) = t**3 + 39*t**2 + 194*t - 19. Determine y(-6).
5
Let g(z) = 2359*z + 7035. What is g(-3)?
-42
Let u(b) = 3*b**3 + 19*b**2 + 148*b + 1140. Determine u(-7).
6
Let p(k) = k**3 + 27*k**2 - 31*k - 70. Determine p(-28).
14
Let n(q) = q**3 + 54*q**2 - 355*q - 127. Determine n(6).
-97
Let p(t) = 2*t**3 + 14*t**2 + 10*t + 62. Determine p(-7).
-8
Let j(z) = z**3 - 167*z**2 + 169*z - 509. What is j(166)?
-11
Let f(q) = 6*q**2 - 11*q - 47. Calculate f(4).
5
Let f(o) = -o**3 - 12*o**2 - 19*o - 55. What is f(-11)?
33
Let f(n) = -12*n + 53. Calculate f(15).
-127
Let g(p) = 617*p - 3717. Calculate g(6).
-15
Let d(l) = -l**3 + 14*l**2 - 31*l + 72. Calculate d(12).
-12
Let p(t) = 40*t**2 - 266*t + 144. What is p(6)?
-12
Let n(x) = 25*x - 37. Determine n(-7).
-212
Let i(n) = 1916*n + 15338. Calculate i(-8).
10
Let d(p) = -p**2 - 63*p - 286. Calculate d(-5).
4
Let x(f) = 36*f + 747. What is x(-19)?
63
Let i(q) = 252*q + 22929. Determine i(-91).
-3
Let y(g) = -1500*g + 12006. Give y(8).
6
Let s(o) = o**2 - 68*o + 261. Determine s(4).
5
Let f(h) = -3*h**3 + 2*h**2 + h - 1. Give f(-2).
29
Let l(u) = u**3 + 41*u**2 + 59*u + 146. Give l(-40).
-614
Let h(t) = 7*t**3 - 113*t**2 + 122*t - 23. Calculate h(15).
7
Let p(d) = -12*d + 195. Determine p(-6).
267
Let l(v) = -2*v**2 - 73*v - 33. Calculate l(-39).
-228
Let y(i) = -i**2 - 14*i + 2070. Determine y(39).
3
Let z(r) = -316*r - 559. Determine z(-2).
73
Let a(v) = 3*v**3 + 7*v**2 + 9*v - 25. Give a(3).
146
Let a(c) = -168*c - 1749. What is a(-6)?
-741
Let o(x) = -65*x + 412. Give o(9).
-173
Let q(y) = 4475*y - 31332. Give q(7).
-7
Let h(q) = q**3 - 35*q**2 + 8*q - 1. Determine h(35).
279
Let y(v) = v**3 + 29*v**2 + 8*v + 77. Calculate y(-29).
-155
Let g(c) = 356*c - 1830. Calculate g(5).
-50
Let i(l) = 2*l - 43. Give i(8).
-27
Let u(t) = 12*t**2 - 57*t - 333. Determine u(9).
126
Let v(c) = -c**3 + 16*c**2 - 24*c + 58. Give v(15).
-77
Let k(a) = -540*a - 54541. What is k(-101)?
-1
Let p(d) = -16*d + 1639. What is p(102)?
7
Let j(v) = -54*v + 2488. What is j(46)?
4
Let k(o) = 82*o**2 + 5*o - 16. Give k(2).
322
Let l(o) = 2*o**2 + 291*o + 7948. Calculate l(-109).
-9
Let z(f) = -11*f**2 + 43*f - 270. Calculate z(6).
-408
Let a(q) = q**3 - 171*q**2 + 210*q - 6797. Determine a(170).
3
Let r(c) = 12*c**2 + 106*c - 74. What is r(-13)?
576
Let g(c) = -c**2 + 1929*c - 11547. Calculate g(6).
-9
Let x(f) = 5180*f - 40. Calculate x(0).
-40
Let r(a) = -2*a**2 - 7*a - 16. Give r(-4).
-20
Let z(k) = 38*k + 482. Give z(-6).
254
Let c(g) = -g**2 + 157*g - 2263. Give c(16).
-7
Let t(m) = -m**2 - 31*m + 26. What is t(-33)?
-40
Let r(d) = d**3 - 210*d**2 + 1203*d + 4278. Give r(204).
-6
Let s(q) = -86*q**2 + 327*q + 82. Calculate s(4).
14
Let d(w) = -w**3 - 4*w**2 + 19*w + 4. Give d(4).
-48
Let s(n) = -n**3 - 4*n**2 + 30*n - 36. What is s(-8)?
-20
Let c(o) = -6*o**2 - 4*o - 92. Determine c(-6).
-284
Let m(o) = 5*o**3 + 7*o**2 - 44*o + 147. Give m(4).
403
Let t(a) = -a**3 - 54*a**2 - 65*a + 542. What is t(-4)?
2
Let o(i) = -37*i - 204. Calculate o(4).
-352
Let l(o) = 72*o**2 - 85*o - 2. What is l(3)?
391
Let w(z) = -10*z - 1284. What is w(-126)?
-24
Let c(b) = b**3 + 18*b**2 - 5*b - 90. Give c(-18).
0
Let s(w) = w**3 - 15*w**2 + 89*w - 184. Calculate s(4).
-4
Let a(v) = 2*v**2 + 191*v + 3691. What is a(-27)?
-8
Let g(a) = -a**2 + 73*a - 1262. Calculate g(44).
14
Let g(d) = -d**3 - 4*d**2 - 34*d - 120. Determine g(0).
-120
Let j(v) = -4*v**3 - 26*v**2 - 26*v - 3. What is j(-1)?
1
Let v(u) = -2*u**2 - 5. Determine v(3).
-23
Let f(z) = -137*z + 17129. Calculate f(125).
4
Let i(l) = 118*l + 1418. Give i(-12).
2
Let f(l) = 14*l**2 - 892*l - 74. Give f(64).
182
Let x(l) = l**3 + 66*l**2 - 78*l - 754. Calculate x(-67).
-17
Let g(l) = l**3 - 29*l**2 - 30*l - 1. Calculate g(30).
-1
Let w(a) = 6*a**2 - 251*a - 548. Give w(44).
24
Let m(u) = u**3 + 21*u**2 + 49*u + 22. Give m(-20).
-558
Let f(b) = b**3 - 81*b**2 + 233*b + 78. Give f(78).
0
Let n(l) = 59*l - 171. Calculate n(3).
6
Let t(h) = 2*h - 113. Determine t(-23).
-159
Let h(c) = 2*c**2 - 113*c - 166. Calculate h(58).
8
Let x(y) = 48*y + 175. What is x(-3)?
31
Let n(l) = 67*l - 35. Give n(-1).
-102
Let b(o) = 165*o - 840. Determine b(6).
150
Let k(h) = h**2 + 381*h + 24544. Calculate k(-82).
26
Let m(o) = -6*o**2 - 43*o + 320. Calculate m(8).
-408
Let o(z) = -2*z**3 - 106*z**2 + 4*z + 29. What is o(-53)?
-183
Let j(f) = f**3 - 25*f**2 + 47*f + 68. Determine j(23).
91
Let c(q) = -q**2 + 145*q - 2376. Calculate c(129).
-312
Let b(p) = 7*p - 88. Calculate b(6).
-46
Let r(m) = 10*m**3 + 5*m**2 + 7*m - 12. Give r(1).
10
Let p(m) = 2*m**2 - 151*m - 790. Determine p(80).
-70
Let x(z) = -z**3 - 13*z**2 + 9*z - 640. Calculate x(-16).
-16
Let q(y) = y**3 + 14*y**2 - 12*y - 169. Calculate q(-14).
-1
Let s(x) = -161*x + 1769. What is s(11)?
-2
Let d(x) = -x**2 + 11*x + 465. Calculate d(-16).
33
Let p(a) =